 Let c = 1982 - w. What is the hundreds digit of c?
6
Let i = 16945 + 20883. What is the thousands digit of i?
7
Suppose -18*o = -5*o - 39. Suppose -2*h + 505 = c, -5*h = -0*h + o*c - 1262. What is the units digit of h?
3
Suppose -14 = -5*w - 2*s, -w = 4*w + 3*s - 16. Suppose 0 = -2*b + 2*g + 638, -3*b + w*g + 957 = 6*g. What is the tens digit of b?
1
Suppose 0 = 24*u - 25*u + 16. Let h be u/(-48) - 7/(-3). What is the tens digit of 7/(21/(-6)) - h*-77?
5
Let v(r) = -18 - 4*r - 12*r + 44. What is the tens digit of v(-20)?
4
Suppose -707745 + 214830 = -15*t. What is the tens digit of t?
6
Let n be (-1722)/(-33) + 2/(-11). Let w = -28 + n. What is the tens digit of w?
2
Suppose -3 = n - 18. Let q(p) = p**3 - 16*p**2 + 16*p - 21. Let j be q(n). What is the hundreds digit of ((-477)/(-3))/(-2*3/j)?
1
Let v be (98 + 2 + -2)*43/2. Suppose -v = -18*k + 2771. What is the hundreds digit of k?
2
Suppose 2*s - 49951 + 10595 = -5*n, -5*s + 3*n + 98297 = 0. What is the hundreds digit of s?
6
Suppose -17 = x + 4*l, 39*x - 2*l = 41*x + 4. What is the units digit of (-1 - (-4986)/4) + x/(-6)?
5
Suppose 944*y - 943*y - l - 10763 = 0, -2*y + 4*l = -21532. What is the thousands digit of y?
0
Suppose -11103*b - 459214 - 588196 = -11138*b. What is the thousands digit of b?
9
Suppose -5*k + 34 = 8*s - 5*s, -2*k + 1 = -3*s. Suppose k*b = 2*i - 0*i - 1038, 0 = 2*i + 5*b - 1078. What is the units digit of i?
9
Suppose 13 = -15*c + 88. Suppose 3*f + c*j - 373 - 4321 = 0, 5*j = 4*f - 6212. What is the tens digit of f?
5
Suppose -4*a = 2*t - 20, 0 = 5*t + 3*a - 2 - 20. Suppose -810 + 256 = t*w. Let s = w - -406. What is the units digit of s?
9
Let a be ((-100)/(-6))/((-50)/(-12) - 4). Suppose -2*d = a - 432. What is the units digit of d?
6
Let v(k) = -3*k**3 - 8*k**2 + 2*k + 9. Let o be v(-3). Let z(u) = u**3 - 9*u**2 - 13*u - 17. What is the units digit of z(o)?
9
Suppose 0 = 8*w - 1488 + 14080. What is the hundreds digit of (6/4)/(-2 - w/784)?
1
Let q(j) = -j**3 + j**2 - 3*j + 145. Suppose 0 = -15*d + 2*d + d. What is the tens digit of q(d)?
4
Suppose -4*x + 36 = -4. What is the hundreds digit of 1072/x*60/24?
2
Suppose -2*d + 2373 + 4263 = 4*i, 4*i - 4*d = 6600. What is the tens digit of i?
5
Suppose -20*j - 10287 = -23*j - m, 10272 = 3*j + 6*m. What is the thousands digit of j?
3
Let d(x) = -54*x**3 - 13*x - 12. Let c be d(-3). What is the tens digit of (4/10 + 0)*(-10 + c)?
9
Let y = -8155 - -13963. What is the hundreds digit of y?
8
Suppose 0 = 2*m - 3*m + 5, 18 = -z - m. Let w = z + 24. Suppose w + 3 = 4*x. What is the units digit of x?
1
Suppose -4*l = 5*i - 30, 4*l - 3*i = i + 12. Let z be (-32)/40*l/2. What is the tens digit of (6/4 + z)/((-2)/1004)?
5
Suppose -c + 15452 = -728. What is the tens digit of c/28 + 5/35?
7
Let c(r) be the first derivative of r**4 - r**3/3 - 4*r + 4. Let y be 0 - 1 - (-4 + 0). What is the units digit of c(y)?
5
Let k = -756 + -1646. Let w be k/(-6) + 5/(-15). Suppose -5*p + w = -3*p. What is the units digit of p?
0
Let o(q) = 4*q**2 - q + 9. Let y be o(-14). Suppose 3*j - y - 534 = 0. What is the units digit of j?
7
What is the hundreds digit of (-18 - 2)/20 + 1011 + -2?
0
Suppose -24 = 3*a - 5*a. What is the units digit of ((-129)/5)/(a/(-40))?
6
Suppose 0*g + 18*g - 36 = 0. Suppose g*f - 565 = 3*x - 0*x, -4*x = 5*f - 1424. What is the units digit of f?
4
Let g(z) = 11*z - 30. Let h be g(7). Suppose -h*x = -25234 + 3191. What is the hundreds digit of x?
4
Let s be ((-48)/(-9))/(3/9). Suppose 48*i = 52*i - s. Suppose i*u + 348 = 5*h, 169 = 5*h - 5*u - 181. What is the units digit of h?
8
Suppose -59337 = -15*f + 2658. What is the hundreds digit of f?
1
Suppose 232*l = -152*l + 114429 + 1574787. What is the tens digit of l?
9
Suppose -12*n = -7*n - 59033 + 3208. What is the tens digit of n?
6
Suppose -f - 5263 = -3*h, 3*f = 57*h - 53*h - 7004. What is the units digit of h?
7
Let q be (-2 + 1)/(1/(-73)). Let w(b) = b**3 + 59*b**2 - 376*b - 16. Let p be w(6). Let v = q - p. What is the units digit of v?
5
Suppose -9*l = -0*l + 2295. Let h be 1/(-7) - l/21. Let o = 14 - h. What is the units digit of o?
2
Let a(f) = -30 + 7 + f**2 - 10*f + 7*f. Let p be a(7). Suppose -p*h = t - 1138, 0*t = 2*h - 3*t - 462. What is the units digit of h?
8
What is the ten thousands digit of (2 - -1)/((-78)/(-853502))?
3
Let a(c) = -2*c**3 + c**2 + 7*c - 1. Let q be a(-4). Suppose q*y - 9042 = 104*y. What is the units digit of y?
2
Let q(a) = a**3 + 29*a**2 - 21*a + 124. What is the units digit of q(14)?
8
Let i = -1904 - -3439. Suppose 4*v - i = 1109. What is the hundreds digit of v?
6
Let n = 728 - 422. Let p = n - -394. What is the units digit of p?
0
Let j(t) = 5*t - 24. Let i be j(5). Suppose 0 = 8*a + i + 31. What is the tens digit of (-72 - 2/(-2))*(a - -3)?
7
Suppose 161*l + 16 = 153*l. Suppose -3*d - 3*o = 441, -3*d - 5*o + 745 = -8*d. What is the hundreds digit of (d/(-12))/(l/(-18))?
1
Suppose -3*c = -3*y - 9, -5*y + 5 = -2*c + 20. Let r be 5*(44/10 + y). Suppose -r*b + 1 = -69. What is the tens digit of b?
1
What is the hundreds digit of -11 + ((-20)/40)/((-3)/107784)?
9
Suppose -36896 = -2*l + 4*o, 3*o = -45*l + 41*l + 73814. What is the hundreds digit of l?
4
What is the thousands digit of 6*27858/24*4?
7
Let y = -49 - -51. Suppose -208 - 44 = -y*r. Suppose 5*c - 279 = -2*z, -c = c - 4*z - r. What is the units digit of c?
7
What is the ten thousands digit of (-6 - ((-678)/62 + 5)) + 2699000/248?
1
Let u = 19359 - -8237. What is the hundreds digit of u?
5
What is the tens digit of 497 + -3 - (13 + -18)?
9
Let r be (-7)/(42/30) - -1271. Let g = r + -796. What is the hundreds digit of g?
4
Suppose -68*y - 44 = -72*y. Suppose -y*j + j + 170 = 0. Suppose -98 = -5*i + j. What is the units digit of i?
3
Suppose 14365282 = 171*i + 91*i + 1438202. What is the units digit of i?
0
Let i = -6670 - -11233. What is the hundreds digit of i?
5
Suppose 229*l - 223*l - 220656 = -3*q, 5*l + 5*q = 183875. What is the thousands digit of l?
6
Let o be ((-4)/(-18))/((-2)/(-9)). Let j(l) = -7*l**3 - 4*l**2 + 3*l. Let k be j(o). Let v(i) = -18*i - 1. What is the tens digit of v(k)?
4
Let j(t) = 2*t - 29. Let q be j(19). Suppose 262 = -q*g - 350. Let i = g + 76. What is the units digit of i?
8
Let k = -1532 + 2910. Suppose -g + k = -216. What is the thousands digit of g?
1
Let t be (-3 - 1 - 1)/(2/6). Let g be (t/(-10))/(3/14). Suppose -g*u + 204 = -398. What is the tens digit of u?
8
Suppose 0 = 2*c - 13 - 17. Suppose -2*i - 2*i = k - 173, 0 = -5*i + c. What is the hundreds digit of k?
1
Let u(o) = 6*o**2 + 90*o - 90. What is the hundreds digit of u(21)?
4
Suppose 4 = -n + 2*n. Suppose -l + n*v = -522, l - 143 = 3*v + 376. Suppose 38*g - 41*g = -l. What is the units digit of g?
0
Let v = -14 - -39. Let r(k) = 3*k - 57. Let c be r(v). Let t = c + 97. What is the tens digit of t?
1
Let h = -236 - -238. Suppose f - 549 + 116 = h*l, 1324 = 3*f - l. What is the tens digit of f?
4
Let h(c) = -69*c - 83. Let i be h(-17). Suppose 218 = s - 4*f + 7*f, f = -5*s + i. What is the units digit of s?
8
Let v = 4330 + -765. What is the tens digit of v?
6
Let i be (-18)/(-8)*64/16. Suppose 851 = i*t - 4018. What is the units digit of t?
1
Let t(d) = d**2 + 4*d - 4*d + 2*d - 18. What is the tens digit of t(-9)?
4
Suppose -2*v - 4*x + 3 - 9 = 0, -5 = -3*v + x. Let g(t) = 221*t**2 - 7*t + 1. What is the hundreds digit of g(v)?
2
Let t = 451 + -481. What is the units digit of (40/t)/((-3)/405)?
0
Let m(p) = 1240*p + 480. What is the hundreds digit of m(8)?
4
Suppose -41*k = -39*k - 20482. What is the hundreds digit of k?
2
Let m(o) = -750*o**2 - 17*o - 8. Let l(f) = 1499*f**2 + 35*f + 20. Let b(n) = -2*l(n) - 5*m(n). What is the units digit of b(1)?
7
Suppose x + 3*z + 20 = 220, -3*x = 4*z - 590. Suppose 10 = d + c - x, 0 = 5*d - 4*c - 1029. Let m = d - 23. What is the tens digit of m?
8
Let u be 12/(-2)*(21/(-9) + 2). Let l be 3/6*u*(-2)/(-1). Suppose 0 = -4*b + l*b + 20. What is the tens digit of b?
1
Suppose -3*p = -2*t + 1677, -2*t = 3*p + 654 - 2325. What is the tens digit of t?
3
Let l(i) = 131*i + 53. Let p be (-2)/12*-47 + (-36)/(-216). Let q(n) = 87*n + 35. Let m(k) = p*q(k) - 5*l(k). What is the hundreds digit of m(3)?
1
Let c = 1348 - 764. Suppose -3*r = -4*r, 2*s + 2*r - 